{"id":8,"date":"2023-11-04T13:47:12","date_gmt":"2023-11-04T13:47:12","guid":{"rendered":"https:\/\/parquesilvestrestenger.cl\/?page_id=8"},"modified":"2024-01-14T01:44:05","modified_gmt":"2024-01-14T01:44:05","slug":"home","status":"publish","type":"page","link":"https:\/\/parquesilvestrestenger.cl\/","title":{"rendered":"Home"},"content":{"rendered":"\n<div class=\"slider-wrapper relative\" id=\"slider-2003268044\" style=\"background-color:rgb(57, 83, 84);\">\n    <div class=\"slider slider-nav-circle slider-nav-large slider-nav-light slider-style-normal\"\n        data-flickity-options='{\n            \"cellAlign\": \"center\",\n            \"imagesLoaded\": true,\n            \"lazyLoad\": 1,\n            \"freeScroll\": false,\n            \"wrapAround\": true,\n            \"autoPlay\": 6000,\n            \"pauseAutoPlayOnHover\" : true,\n            \"prevNextButtons\": true,\n            \"contain\" : true,\n            \"adaptiveHeight\" : true,\n            \"dragThreshold\" : 10,\n            \"percentPosition\": true,\n            \"pageDots\": true,\n            \"rightToLeft\": false,\n            \"draggable\": true,\n            \"selectedAttraction\": 0.1,\n            \"parallax\" : 0,\n            \"friction\": 0.6        }'\n        >\n        \n\n\n  <div class=\"banner has-hover\" id=\"banner-2062862468\">\n          <div class=\"banner-inner fill\">\n        <div class=\"banner-bg fill\" >\n            <div class=\"bg fill bg-fill \"><\/div>\n                        <div class=\"overlay\"><\/div>            \n                    <\/div>\n\t\t\n        <div class=\"banner-layers container\">\n            <div class=\"fill banner-link\"><\/div>            \n\n   <div id=\"text-box-2022584507\" class=\"text-box banner-layer x50 md-x50 lg-x50 y50 md-y50 lg-y50 res-text\">\n              <div data-parallax=\"2\" data-parallax-fade=\"true\">                  <div class=\"text-box-content text text-shadow-3\">\n              \n              <div class=\"text-inner text-center\">\n                  \n\n\t<div id=\"text-2613835425\" class=\"text\">\n\t\t\n\n<h2 class=\"uppercase\"><strong>EXPERIENCIA<\/strong><\/h2>\n<h3>VALDIVIANA<\/h3>\n\t\t\n<style>\n#text-2613835425 {\n  color: rgb(255, 255, 255);\n}\n#text-2613835425 > * {\n  color: rgb(255, 255, 255);\n}\n<\/style>\n\t<\/div>\n\t\n\n              <\/div>\n           <\/div>\n              <\/div>              \n<style>\n#text-box-2022584507 .text-inner {\n  padding: 30px 30px 30px 30px;\n}\n#text-box-2022584507 {\n  width: 60%;\n}\n#text-box-2022584507 .text-box-content {\n  font-size: 96%;\n}\n@media (min-width:550px) {\n  #text-box-2022584507 {\n    width: 40%;\n  }\n}\n<\/style>\n    <\/div>\n \n\n        <\/div>\n      <\/div>\n\n            \n<style>\n#banner-2062862468 {\n  padding-top: 422px;\n}\n#banner-2062862468 .bg.bg-loaded {\n  background-image: url(https:\/\/parquesilvestrestenger.cl\/wp-content\/uploads\/2023\/11\/DSC_0249-1024x678.jpg);\n}\n#banner-2062862468 .overlay {\n  background-color: rgba(0, 0, 0, 0.2);\n}\n<\/style>\n  <\/div>\n\n\n\n  <div class=\"banner has-hover\" id=\"banner-1111982022\">\n          <div class=\"banner-inner fill\">\n        <div class=\"banner-bg fill\" >\n            <div class=\"bg fill bg-fill \"><\/div>\n                        <div class=\"overlay\"><\/div>            \n                    <\/div>\n\t\t\n        <div class=\"banner-layers container\">\n            <div class=\"fill banner-link\"><\/div>            \n\n   <div id=\"text-box-1715372744\" class=\"text-box banner-layer x50 md-x50 lg-x50 y50 md-y50 lg-y50 res-text\">\n              <div data-parallax=\"2\" data-parallax-fade=\"true\">                  <div class=\"text-box-content text text-shadow-3\">\n              \n              <div class=\"text-inner text-center\">\n                  \n\n\t<div id=\"text-1425632330\" class=\"text\">\n\t\t\n\n<h2 class=\"uppercase\"><strong>EXPERIENCIA<\/strong><\/h2>\n<h3>VALDIVIANA<\/h3>\n\t\t\n<style>\n#text-1425632330 {\n  color: rgb(255, 255, 255);\n}\n#text-1425632330 > * {\n  color: rgb(255, 255, 255);\n}\n<\/style>\n\t<\/div>\n\t\n\n              <\/div>\n           <\/div>\n              <\/div>              \n<style>\n#text-box-1715372744 .text-inner {\n  padding: 30px 30px 30px 30px;\n}\n#text-box-1715372744 {\n  width: 60%;\n}\n#text-box-1715372744 .text-box-content {\n  font-size: 96%;\n}\n@media (min-width:550px) {\n  #text-box-1715372744 {\n    width: 40%;\n  }\n}\n<\/style>\n    <\/div>\n \n\n        <\/div>\n      <\/div>\n\n            \n<style>\n#banner-1111982022 {\n  padding-top: 422px;\n}\n#banner-1111982022 .bg.bg-loaded {\n  background-image: url(https:\/\/parquesilvestrestenger.cl\/wp-content\/uploads\/2023\/11\/Unknown-6-1.jpeg);\n}\n#banner-1111982022 .overlay {\n  background-color: rgba(0, 0, 0, 0.2);\n}\n#banner-1111982022 .bg {\n  background-position: 0% 28%;\n}\n<\/style>\n  <\/div>\n\n\n\n  <div class=\"banner has-hover\" id=\"banner-1849276223\">\n          <div class=\"banner-inner fill\">\n        <div class=\"banner-bg fill\" >\n            <div class=\"bg fill bg-fill \"><\/div>\n                        <div class=\"overlay\"><\/div>            \n                    <\/div>\n\t\t\n        <div class=\"banner-layers container\">\n            <div class=\"fill banner-link\"><\/div>            \n\n   <div id=\"text-box-1292033487\" class=\"text-box banner-layer x50 md-x50 lg-x50 y50 md-y50 lg-y50 res-text\">\n              <div data-parallax=\"2\" data-parallax-fade=\"true\">                  <div class=\"text-box-content text text-shadow-3\">\n              \n              <div class=\"text-inner text-center\">\n                  \n\n\t<div id=\"text-1995403546\" class=\"text\">\n\t\t\n\n<h2 class=\"uppercase\"><strong>EXPERIENCIA<\/strong><\/h2>\n<h3>VALDIVIANA<\/h3>\n\t\t\n<style>\n#text-1995403546 {\n  color: rgb(255, 255, 255);\n}\n#text-1995403546 > * {\n  color: rgb(255, 255, 255);\n}\n<\/style>\n\t<\/div>\n\t\n\n              <\/div>\n           <\/div>\n              <\/div>              \n<style>\n#text-box-1292033487 .text-inner {\n  padding: 30px 30px 30px 30px;\n}\n#text-box-1292033487 {\n  width: 60%;\n}\n#text-box-1292033487 .text-box-content {\n  font-size: 96%;\n}\n@media (min-width:550px) {\n  #text-box-1292033487 {\n    width: 40%;\n  }\n}\n<\/style>\n    <\/div>\n \n\n        <\/div>\n      <\/div>\n\n            \n<style>\n#banner-1849276223 {\n  padding-top: 422px;\n}\n#banner-1849276223 .bg.bg-loaded {\n  background-image: url(https:\/\/parquesilvestrestenger.cl\/wp-content\/uploads\/2023\/11\/YFZQ5352.jpeg);\n}\n#banner-1849276223 .overlay {\n  background-color: rgba(0, 0, 0, 0.2);\n}\n<\/style>\n  <\/div>\n\n\n\n  <div class=\"banner has-hover\" id=\"banner-372811519\">\n          <div class=\"banner-inner fill\">\n        <div class=\"banner-bg fill\" >\n            <div class=\"bg fill bg-fill \"><\/div>\n                        <div class=\"overlay\"><\/div>            \n                    <\/div>\n\t\t\n        <div class=\"banner-layers container\">\n            <div class=\"fill banner-link\"><\/div>            \n\n   <div id=\"text-box-921278879\" class=\"text-box banner-layer x50 md-x50 lg-x50 y50 md-y50 lg-y50 res-text\">\n              <div data-parallax=\"2\" data-parallax-fade=\"true\">                  <div class=\"text-box-content text text-shadow-3\">\n              \n              <div class=\"text-inner text-center\">\n                  \n\n\t<div id=\"text-3594685331\" class=\"text\">\n\t\t\n\n<h2 class=\"uppercase\"><strong>EXPERIENCIA<\/strong><\/h2>\n<h3>VALDIVIANA<\/h3>\n\t\t\n<style>\n#text-3594685331 {\n  color: rgb(255, 255, 255);\n}\n#text-3594685331 > * {\n  color: rgb(255, 255, 255);\n}\n<\/style>\n\t<\/div>\n\t\n\n              <\/div>\n           <\/div>\n              <\/div>              \n<style>\n#text-box-921278879 .text-inner {\n  padding: 30px 30px 30px 30px;\n}\n#text-box-921278879 {\n  width: 60%;\n}\n#text-box-921278879 .text-box-content {\n  font-size: 96%;\n}\n@media (min-width:550px) {\n  #text-box-921278879 {\n    width: 40%;\n  }\n}\n<\/style>\n    <\/div>\n \n\n        <\/div>\n      <\/div>\n\n            \n<style>\n#banner-372811519 {\n  padding-top: 422px;\n}\n#banner-372811519 .bg.bg-loaded {\n  background-image: url(https:\/\/parquesilvestrestenger.cl\/wp-content\/uploads\/2023\/11\/Unknown-7-1.jpeg);\n}\n#banner-372811519 .overlay {\n  background-color: rgba(0, 0, 0, 0.2);\n}\n<\/style>\n  <\/div>\n\n\n\n     <\/div>\n\n     <div class=\"loading-spin dark large centered\"><\/div>\n\n\t<\/div>\n\n\n\t<div id=\"text-3668947335\" class=\"text\">\n\t\t\n\n<h2>\u00a0<\/h2>\n<h2 class=\"uppercase\"><span style=\"font-size: 90%;\">QUINCHOS &#8211; ZONA PIC NIC Y CARPAS &#8211; EVENTOS &#8211; TREKKING -R\u00cdO &#8211; PISCINA NI\u00d1OS &#8211; HUERTA &#8211; ZONA DE JUEGOS<\/span><\/h2>\n\t\t\n<style>\n#text-3668947335 {\n  font-size: 0.75rem;\n  text-align: center;\n}\n<\/style>\n\t<\/div>\n\t\n<h2>\u00a0<\/h2>\n<h2 class=\"uppercase\" style=\"text-align: center;\"><span style=\"color: #333333;\">ISLA DEL REY &#8211; CARBONERO &#8211; VALDIVIA<\/span><\/h2>\n<h3 class=\"thin-font\">\u00a0<\/h3>\n<div class=\"row\"  id=\"row-1747753833\">\n\n\n\t<div id=\"col-318600323\" class=\"col medium-4 small-12 large-4\"  >\n\t\t\t\t<div class=\"col-inner\"  >\n\t\t\t\n\t\t\t\n\n\t<div class=\"box has-hover   has-hover box-text-bottom\" >\n\n\t\t<div class=\"box-image\" style=\"border-radius:19%;width:93%;\">\n\t\t\t\t\t\t<div class=\"image-zoom-long\" >\n\t\t\t\t<img loading=\"lazy\" decoding=\"async\" width=\"840\" height=\"746\" src=\"https:\/\/parquesilvestrestenger.cl\/wp-content\/uploads\/2023\/11\/Unknown-23-1.jpeg\" class=\"attachment-large size-large\" alt=\"\" srcset=\"https:\/\/parquesilvestrestenger.cl\/wp-content\/uploads\/2023\/11\/Unknown-23-1.jpeg 840w, https:\/\/parquesilvestrestenger.cl\/wp-content\/uploads\/2023\/11\/Unknown-23-1-300x266.jpeg 300w, https:\/\/parquesilvestrestenger.cl\/wp-content\/uploads\/2023\/11\/Unknown-23-1-768x682.jpeg 768w\" sizes=\"auto, (max-width: 840px) 100vw, 840px\" \/>\t\t\t\t\t\t\t\t\t\t\t<\/div>\n\t\t\t\t\t<\/div>\n\n\t\t<div class=\"box-text text-center\" >\n\t\t\t<div class=\"box-text-inner\">\n\t\t\t\t\n\n<p style=\"text-align: center;\"><span style=\"font-size: 115%;\">Celebraciones de matrimonio, cumplea\u00f1os, aniversarios, reuniones de empresas, paseos familiares, con amigos, institucionales, etc.<\/span><\/p>\n\n\t\t\t<\/div>\n\t\t<\/div>\n\t<\/div>\n\t\n\n\t\t<\/div>\n\t\t\t\t\t<\/div>\n\n\t\n\n\t<div id=\"col-1210538387\" class=\"col medium-4 small-12 large-4\"  >\n\t\t\t\t<div class=\"col-inner\"  >\n\t\t\t\n\t\t\t\n\n\t<div class=\"box has-hover   has-hover box-text-bottom\" >\n\n\t\t<div class=\"box-image\" style=\"border-radius:25%;width:86%;\">\n\t\t\t\t\t\t<div class=\"image-zoom-long\" >\n\t\t\t\t<img loading=\"lazy\" decoding=\"async\" width=\"2190\" height=\"2190\" src=\"https:\/\/parquesilvestrestenger.cl\/wp-content\/uploads\/2023\/11\/diego.jpg\" class=\"attachment-original size-original\" alt=\"\" srcset=\"https:\/\/parquesilvestrestenger.cl\/wp-content\/uploads\/2023\/11\/diego.jpg 2190w, https:\/\/parquesilvestrestenger.cl\/wp-content\/uploads\/2023\/11\/diego-300x300.jpg 300w, https:\/\/parquesilvestrestenger.cl\/wp-content\/uploads\/2023\/11\/diego-1024x1024.jpg 1024w, https:\/\/parquesilvestrestenger.cl\/wp-content\/uploads\/2023\/11\/diego-150x150.jpg 150w, https:\/\/parquesilvestrestenger.cl\/wp-content\/uploads\/2023\/11\/diego-768x768.jpg 768w, https:\/\/parquesilvestrestenger.cl\/wp-content\/uploads\/2023\/11\/diego-1536x1536.jpg 1536w, https:\/\/parquesilvestrestenger.cl\/wp-content\/uploads\/2023\/11\/diego-2048x2048.jpg 2048w\" sizes=\"auto, (max-width: 2190px) 100vw, 2190px\" \/>\t\t\t\t\t\t\t\t\t\t\t<\/div>\n\t\t\t\t\t<\/div>\n\n\t\t<div class=\"box-text text-center\" >\n\t\t\t<div class=\"box-text-inner\">\n\t\t\t\t\n\n<p><span style=\"font-size: 115%;\">10.000 metros cuadrados de puro parque para Ud. A s\u00f3lo 30 min de la ciudad de Valdivia. Extraordinaria vegetaci\u00f3n, especies nativas y todas las comodidades cerca de la naturaleza. Tranquilidad y espacios acogedores.<\/span><\/p>\n\n\t\t\t<\/div>\n\t\t<\/div>\n\t<\/div>\n\t\n\n\t\t<\/div>\n\t\t\t\t\t<\/div>\n\n\t\n\n\t<div id=\"col-1751628792\" class=\"col medium-4 small-12 large-4\"  >\n\t\t\t\t<div class=\"col-inner\"  >\n\t\t\t\n\t\t\t\n\n\t<div class=\"box has-hover   has-hover box-text-bottom\" >\n\n\t\t<div class=\"box-image\" style=\"border-radius:28%;width:85%;\">\n\t\t\t\t\t\t<div class=\"image-zoom-long\" >\n\t\t\t\t<img loading=\"lazy\" decoding=\"async\" width=\"603\" height=\"578\" src=\"https:\/\/parquesilvestrestenger.cl\/wp-content\/uploads\/2023\/11\/Unknown-7-2.jpeg\" class=\"attachment-original size-original\" alt=\"\" srcset=\"https:\/\/parquesilvestrestenger.cl\/wp-content\/uploads\/2023\/11\/Unknown-7-2.jpeg 603w, https:\/\/parquesilvestrestenger.cl\/wp-content\/uploads\/2023\/11\/Unknown-7-2-300x288.jpeg 300w\" sizes=\"auto, (max-width: 603px) 100vw, 603px\" \/>\t\t\t\t\t\t\t\t\t\t\t<\/div>\n\t\t\t\t\t<\/div>\n\n\t\t<div class=\"box-text text-center\" >\n\t\t\t<div class=\"box-text-inner\">\n\t\t\t\t\n\n<p><span style=\"font-size: 115%;\">Contamos con quinchos, piscina de ni\u00f1os, cancha de babyf\u00fatbol, voleibol, cricket y tejo. Museo familiar, cocina bien equipada, comedores techados, capilla. Mirador al r\u00edo Valdivia. Muchos rincones para disfrutar de la flora y fauna del lugar.<\/span><\/p>\n\n\t\t\t<\/div>\n\t\t<\/div>\n\t<\/div>\n\t\n\n\t\t<\/div>\n\t\t\t\t\t<\/div>\n\n\t\n\n<\/div>\n<div class=\"row\"  id=\"row-619347611\">\n\n\n\t<div id=\"col-113351390\" class=\"col small-12 large-12\"  >\n\t\t\t\t<div class=\"col-inner\"  >\n\t\t\t\n\t\t\t\n\n  <div id=\"page-header-555012727\" class=\"page-header-wrapper\">\n  <div class=\"page-title light simple-title\">\n\n    \n    <div class=\"page-title-inner container align-center flex-row medium-flex-wrap\" >\n              <div class=\"title-wrapper uppercase flex-col text-left medium-text-center\">\n          <h1 class=\"entry-title mb-0\">\n            Bienvenidos          <\/h1>\n        <\/div>\n                    <div class=\"title-content flex-col flex-right text-right medium-text-center\">\n        <div class=\"title-breadcrumbs pb-half pt-half\"><\/div>      <\/div>\n    <\/div>\n\n     \n<style>\n#page-header-555012727 {\n  margin-bottom: 31px;\n}\n<\/style>\n  <\/div>\n    <\/div>\n  \n\n\t<div id=\"text-3642709094\" class=\"text\">\n\t\t\n\n<div id=\"WRchTxtc-sof\" class=\"BaOVQ8 tz5f0K WRchTxtc-sof wixui-rich-text\" data-testid=\"richTextElement\">\n<p style=\"font-weight: 400; text-align: left;\"><span style=\"font-size: 110%;\">El Parque Silvestre Stenger con una superficie de 10.000 mts cuadrados se encuentra ubicado en un hermoso paraje de \u201cCarboneros\u201d, Isla del Rey a unos 30 min desde la ciudad, remontando las aguas del r\u00edo Valdivia o cruz\u00e1ndo, en s\u00f3lo 10 minutos desde el embarcadero situado camino a Niebla.<\/span><\/p>\n<p style=\"font-weight: 400; text-align: left;\"><span style=\"font-size: 110%;\">Est\u00e1 rodeado de una extraordinaria vegetaci\u00f3n y especies nativas, goza de un paisaje \u00fanico y de una paz especial gracias a su singular ubicaci\u00f3n entre aguas de los r\u00edos Valdivia y Tornagaleones. Cuenta con una moderna infraestructura; agua potable, electricidad, ba\u00f1os con agua caliente, cocina, cobertizos, atalaya, mirador, capilla y un museo.<\/span><\/p>\n<p style=\"font-weight: 400; text-align: left;\">\u00a0<\/p>\n<p style=\"font-weight: 400; text-align: left;\"><span style=\"font-size: 110%;\">En este refugio inolvidable ud, y su grupo familiar, amigos o compa\u00f1eros de trabajo (s\u00f3lo un grupo a la vez) podr\u00e1n reservar por uno o varios d\u00edas el Parque, preparar un asado o con previa coordinaci\u00f3n los podremos esperar con un delicioso men\u00fa. Mientras tanto los visitantes podr\u00e1n jugar al Tejo, cricket, voleibol, babyfutbol o simplemente desde el mirador contemplar el r\u00edo Valdivia. Los m\u00e1s chicos gozar\u00e1n ba\u00f1\u00e1ndose en el piscina o jugando en el sector de juegos infantiles. Al anochecer, bajo la luz de la luna y las estrellas, podr\u00e1n instalar su carpa.<\/span><\/p>\n<p style=\"font-weight: 400; text-align: left;\">\u00a0<\/p>\n<p class=\"font_8 wixui-rich-text__text lead\" style=\"text-align: left;\"><span style=\"font-weight: 400; font-size: 80%;\">En el Parque ud podr\u00e1 celebrar, matrimonios, cumplea\u00f1os, aniversarios, paseos familiares, paseos de colegio, institucionales, etc.<\/span><\/p>\n<\/div>\n\t\t\n<style>\n#text-3642709094 {\n  font-size: 0.85rem;\n  line-height: 1.7;\n}\n<\/style>\n\t<\/div>\n\t\n\n\t\t<\/div>\n\t\t\t\t\n<style>\n#col-113351390 > .col-inner {\n  padding: 0px 16px 0px 12px;\n}\n@media (min-width:550px) {\n  #col-113351390 > .col-inner {\n    padding: 0px 138px 0px 70px;\n  }\n}\n<\/style>\n\t<\/div>\n\n\t\n\n<\/div>\n\t<div class=\"box has-hover   has-hover box-text-bottom\" >\n\n\t\t<div class=\"box-image\" style=\"width:54%;\">\n\t\t\t\t\t\t<div class=\"\" >\n\t\t\t\t<img loading=\"lazy\" decoding=\"async\" width=\"604\" height=\"453\" src=\"https:\/\/parquesilvestrestenger.cl\/wp-content\/uploads\/2023\/11\/22445_369544978205_4905531_n.jpg\" class=\"attachment- size-\" alt=\"\" srcset=\"https:\/\/parquesilvestrestenger.cl\/wp-content\/uploads\/2023\/11\/22445_369544978205_4905531_n.jpg 604w, https:\/\/parquesilvestrestenger.cl\/wp-content\/uploads\/2023\/11\/22445_369544978205_4905531_n-300x225.jpg 300w\" sizes=\"auto, (max-width: 604px) 100vw, 604px\" \/>\t\t\t\t\t\t\t\t\t\t\t<\/div>\n\t\t\t\t\t<\/div>\n\n\t\t<div class=\"box-text text-center\" >\n\t\t\t<div class=\"box-text-inner\">\n\t\t\t\t\n\n<h4>Parque Silvestre Stenger<\/h4>\n<p>Valdivia<\/p>\n\n\t\t\t<\/div>\n\t\t<\/div>\n\t<\/div>\n\t\n\n","protected":false},"excerpt":{"rendered":"","protected":false},"author":1,"featured_media":0,"parent":0,"menu_order":0,"comment_status":"closed","ping_status":"closed","template":"","meta":{"footnotes":""},"class_list":["post-8","page","type-page","status-publish","hentry"],"_links":{"self":[{"href":"https:\/\/parquesilvestrestenger.cl\/index.php?rest_route=\/wp\/v2\/pages\/8","targetHints":{"allow":["GET"]}}],"collection":[{"href":"https:\/\/parquesilvestrestenger.cl\/index.php?rest_route=\/wp\/v2\/pages"}],"about":[{"href":"https:\/\/parquesilvestrestenger.cl\/index.php?rest_route=\/wp\/v2\/types\/page"}],"author":[{"embeddable":true,"href":"https:\/\/parquesilvestrestenger.cl\/index.php?rest_route=\/wp\/v2\/users\/1"}],"replies":[{"embeddable":true,"href":"https:\/\/parquesilvestrestenger.cl\/index.php?rest_route=%2Fwp%2Fv2%2Fcomments&post=8"}],"version-history":[{"count":36,"href":"https:\/\/parquesilvestrestenger.cl\/index.php?rest_route=\/wp\/v2\/pages\/8\/revisions"}],"predecessor-version":[{"id":429,"href":"https:\/\/parquesilvestrestenger.cl\/index.php?rest_route=\/wp\/v2\/pages\/8\/revisions\/429"}],"wp:attachment":[{"href":"https:\/\/parquesilvestrestenger.cl\/index.php?rest_route=%2Fwp%2Fv2%2Fmedia&parent=8"}],"curies":[{"name":"wp","href":"https:\/\/api.w.org\/{rel}","templated":true}]}}